e 5.
-3
Convert -1 (base 16) to base 11.
-1
-4 (base 13) to base 16
-4
-3 (base 10) to base 3
-10
-10 (base 6) to base 4
-12
-301 (base 7) to base 14
-a8
What is -7 (base 10) in base 9?
-7
-544 (base 6) to base 10
-208
What is 7 (base 16) in base 2?
111
23 (base 14) to base 8
37
Convert 2122 (base 4) to base 13.
bb
Convert 102 (base 5) to base 4.
123
Convert 3 (base 9) to base 15.
3
-10 (base 10) to base 7
-13
242 (base 6) to base 13
77
Convert -3 (base 13) to base 10.
-3
4 (base 10) to base 9
4
Convert 62 (base 7) to base 11.
40
-113 (base 4) to base 14
-19
What is -19 (base 14) in base 10?
-23
Convert -1 (base 13) to base 5.
-1
-79 (base 16) to base 8
-171
Convert 0 (base 11) to base 8.
0
What is -2 (base 15) in base 3?
-2
-2 (base 3) to base 14
-2
0 (base 3) to base 11
0
Convert -1101 (base 2) to base 4.
-31
What is -5 (base 12) in base 11?
-5
2 (base 14) to base 4
2
3 (base 4) to base 7
3
Convert 2 (base 15) to base 4.
2
17 (base 10) to base 13
14
What is -100 (base 2) in base 13?
-4
232 (base 5) to base 3
2111
110 (base 2) to base 10
6
Convert -2 (base 5) to base 15.
-2
Convert 24 (base 16) to base 15.
26
What is 101 (base 2) in base 3?
12
Convert b7 (base 15) to base 4.
2230
What is -3 (base 4) in base 8?
-3
Convert a (base 14) to base 13.
a
-210 (base 3) to base 8
-25
What is 11 (base 5) in base 12?
6
Convert -20 (base 7) to base 2.
-1110
What is 11 (base 6) in base 12?
7
Convert -82 (base 14) to base 6.
-310
Convert 2 (base 9) to base 3.
2
Convert -2 (base 12) to base 5.
-2
Convert 20 (base 6) to base 16.
c
What is -131 (base 4) in base 6?
-45
Convert 2 (base 14) to base 3.
2
11 (base 6) to base 14
7
What is -92 (base 11) in base 5?
-401
8 (base 9) to base 10
8
Convert b (base 12) to base 11.
10
What is -1 (base 14) in base 9?
-1
What is -112 (base 3) in base 12?
-12
4f (base 16) to base 5
304
What is 125 (base 6) in base 5?
203
What is 1100 (base 2) in base 12?
10
-b (base 16) to base 6
-15
20 (base 9) to base 4
102
Convert -34 (base 14) to base 12.
-3a
-12 (base 6) to base 4
-20
25 (base 16) to base 2
100101
Convert 2231 (base 4) to base 10.
173
Convert -25 (base 8) to base 10.
-21
26 (base 14) to base 3
1021
0 (base 5) to base 16
0
Convert 304 (base 6) to base 2.
1110000
Convert 51 (base 12) to base 14.
45
What is 7 (base 14) in base 9?
7
-5 (base 11) to base 4
-11
What is -201 (base 3) in base 14?
-15
What is -4 (base 5) in base 2?
-100
What is -150 (base 14) in base 15?
-12b
Convert -3 (base 5) to base 10.
-3
-10b (base 12) to base 14
-b1
Convert -2f (base 16) to base 5.
-142
Convert 6 (base 13) to base 5.
11
Convert 10 (base 12) to base 10.
12
What is -5 (base 11) in base 8?
-5
Convert 107 (base 8) to base 6.
155
-2 (base 4) to base 12
-2
What is 32 (base 4) in base 12?
12
What is -14 (base 13) in base 5?
-32
Convert -65 (base 10) to base 4.
-1001
What is -1011 (base 2) in base 6?
-15
What is -5 (base 9) in base 8?
-5
Convert 2d (base 14) to base 10.
41
-121 (base 3) to base 14
-12
Convert 7 (base 13) to base 8.
7
-2012 (base 4) to base 11
-112
1 (base 14) to base 6
1
What is -2 (base 6) in base 5?
-2
Convert -4 (base 16) to base 5.
-4
What is 101 (base 2) in base 6?
5
What is -221 (base 4) in base 3?
-1112
9 (base 16) to base 12
9
-8 (base 10) to base 8
-10
What is -6 (base 9) in base 15?
-6
What is -1 (base 15) in base 12?
-1
207 (base 12) to base 14
171
-14 (base 6) to base 10
-10
Convert -23 (base 8) to base 5.
-34
Convert 11 (base 2) to base 12.
3
-1 (base 13) to base 15
-1
39 (base 11) to base 9
46
Convert 212 (base 5) to base 16.
39
Convert 1 (base 2) to base 12.
1
-10 (base 2) to base 15
-2
Convert 7 (base 11) to base 12.
7
What is -6 (base 11) in base 6?
-10
-14 (base 8) to base 14
-c
Convert -522 (base 6) to base 16.
-c2
-101 (base 11) to base 14
-8a
-29 (base 16) to base 2
-101001
Convert 52 (base 11) to base 14.
41
-11 (base 5) to base 8
-6
Convert -10 (base 10) to base 16.
-a
-11 (base 3) to base 12
-4
What is 87 (base 13) in base 16?
6f
What is 1 (base 6) in base 14?
1
-3d (base 16) to base 4
-331
Convert 0 (base 14) to base 10.
0
Convert 30 (base 10) to base 8.
36
-4 (base 9) to base 6
-4
What is -10 (base 2) in base 12?
-2
Convert -2 (base 10) to base 12.
-2
-3 (base 9) to base 6
-3
What is a (base 16) in base 5?
20
What is -53 (base 6) in base 8?
-41
-300 (base 5) to base 16
-4b
-e0 (base 15) to base 10
-210
What is -574 (base 8) in base 6?
-1432
Convert 1 (base 3) to base 12.
1
Convert 10 (base 6) to base 5.
11
What is 0 (base 3) in base 7?
0
Convert 0 (base 4) to base 13.
0
What is 6 (base 8) in base 4?
12
Convert -5b (base 15) to base 2.
-1010110
What is -2 (base 9) in base 3?
-2
What is -13 (base 9) in base 5?
-22
Convert -1 (base 8) to base 14.
-1
Convert -3 (base 10) to base 16.
-3
Convert -10 (base 4) to base 2.
-100
Convert 9 (base 15) to base 13.
9
-2 (base 7) to base 2
-10
What is 0 (base 7) in base 15?
0
Convert -12 (base 12) to base 7.
-20
Convert -9 (base 15) to base 12.
-9
-123 (base 6) to base 14
-39
What is 2131 (base 4) in base 8?
235
What is 47 (base 14) in base 2?
111111
24 (base 12) to base 16
1c
Convert -31 (base 16) to base 5.
-144
3 (base 15) to base 3
10
Convert -183 (base 9) to base 10.
-156
Convert 8 (base 14) to base 3.
22
Convert 3 (base 7) to base 2.
11
10 (base 16) to base 6
24
What is 203 (base 4) in base 13?
29
What is 14 (base 9) in base 11?
12
What is -1c (base 13) in base 12?
-21
What is -125 (base 8) in base 6?
-221
Convert -13 (base 5) to base 6.
-12
12 (base 5) to base 8
7
Convert -6 (base 10) to base 12.
-6
Convert -2b (base 12) to base 2.
-100011
Convert 1 (base 15) to base 14.
1
110 (base 2) to base 13
6
20 (base 12) to base 16
18
What is -126 (base 13) in base 10?
-201
Convert 1122 (base 4) to base 3.
10100
What is -39 (base 12) in base 13?
-36
-221 (base 3) to base 5
-100
What is -27 (base 11) in base 4?
-131
What is -1001 (base 5) in base 3?
-11200
What is -11 (base 2) in base 15?
-3
Convert 2 (base 13) to base 4.
2
-23 (base 8) to base 2
-10011
-2 (base 8) to base 4
-2
-11110 (base 3) to base 7
-231
Convert 100 (base 2) to base 11.
4
Convert -15 (base 15) to base 16.
-14
22 (base 5) to base 2
1100
3c (base 13) to base 6
123
What is 2111 (base 3) in base 2?
1000011
What is 11 (base 6) in base 2?
111
4 (base 9) to base 4
10
Convert -d (base 16) to base 2.
-1101
Convert -143 (base 5) to base 15.
-33
-100 (base 4) to base 16
-10
49 (base 15) to base 4
1011
Convert -2 (base 9) to base 11.
-2
Convert 10 (base 6) to base 15.
6
Convert 30 (base 5) to base 11.
14
Convert -2 (base 7) to base 8.
-2
34 (base 12) to base 2
101000
What is 1 (base 15) in base 9?
1
What is 8 (base 16) in base 13?
8
What is 0 (base 15) in base 2?
0
100 (base 7) to base 8
61
-4 (base 11) to base 15
-4
Convert -81 (base 9) to base 10.
-73
What is -3 (base 8) in base 14?
-3
Convert -1 (base 10) to base 15.
-1
What is 0 (base 11) in base 14?
0
What is 4 (base 11) in base 13?
4
Convert 415 (base 8) to base 10.
269
Convert 330 (base 8) to base 16.
d8
Convert -20 (base 14) to base 3.
-1001
Convert -b (base 13) to base 11.
-10
Convert -4 (base 8) to base 16.
-4
110 (base 2) to base 7
6
-149 (base 11) to base 6
-450
Convert -22 (base 9) to base 15.
-15
Convert ab (base 16) to base 3.
20100
Convert -100101 (base 2) to base 6.
-101
0 (base 2) to base 11
0
What is d7 (base 14) in base 4?
2331
Convert 100 (base 2) to base 5.
4
Convert -1001101 (base 2) to base 15.
-52
-202 (base 3) to base 6
-32
Convert 43 (base 15) to base 2.
111111
3 (base 14) to base 6
3
What is 3 (base 4) in base 13?
3
What is -2 (base 13) in base 12?
-2
What is -4 (base 6) in base 4?
-10
Convert 2 (base 10) to base 12.
2
Convert -62 (base 7) to base 14.
-32
What is 21 (base 8) in base 2?
10001
Convert 0 (base 2) to base 5.
0
What is 55 (base 9) in base 7?
101
Convert -2 (base 15) to base 14.
-2
Convert 2 (base 3) to base 11.
2
Convert -113 (base 9) to base 6.
-233
What is 5 (base 8) in base 3?
12
1040 (base 7) to base 16
173
6 (base 16) to base 2
110
What is 0 (base 2) in base 4?
0
Convert 33 (base 11) to base 3.
1100
Convert -2 (base 16) to base 7.
-2
What is 5 (base 7) in base 14?
5
Convert 1110 (base 3) to base 14.
2b
200 (base 3) to base 14
14
2210 (base 3) to base 8
113
What is -15 (base 12) in base 8?
-21
Convert -a (base 14) to bas